sor of 371431 and 220229.
3287
Calculate the greatest common divisor of 1589 and 52150.
7
Calculate the highest common factor of 37 and 516603953.
37
Calculate the greatest common factor of 5634970 and 227480.
1210
Calculate the highest common divisor of 20535 and 2130.
15
What is the greatest common divisor of 1988 and 144676?
28
What is the greatest common divisor of 4362712 and 8666?
1238
Calculate the greatest common divisor of 6416659 and 449.
449
What is the highest common factor of 4112789 and 18509?
223
Calculate the highest common divisor of 114218 and 270894.
598
Calculate the highest common factor of 4289691 and 8.
1
Calculate the highest common divisor of 18850 and 20943650.
650
What is the greatest common divisor of 1238686 and 144818?
1406
Calculate the highest common factor of 99072 and 649108736.
11008
What is the highest common factor of 985957 and 353248?
581
What is the highest common divisor of 752650 and 225?
25
Calculate the highest common factor of 176 and 229960192.
176
What is the greatest common factor of 833 and 265931?
17
Calculate the highest common divisor of 87 and 1133016109.
29
What is the highest common divisor of 1230546 and 745413?
723
What is the greatest common divisor of 113347179 and 3762?
1881
What is the greatest common divisor of 18343757 and 602?
43
What is the greatest common factor of 34 and 307603372?
34
Calculate the greatest common divisor of 407 and 496837.
11
Calculate the highest common factor of 25296 and 2180184.
24
Calculate the highest common divisor of 47637 and 315369.
603
What is the greatest common divisor of 399609 and 245826?
63
What is the greatest common divisor of 328719 and 1311?
57
Calculate the greatest common factor of 3516 and 364996.
4
What is the greatest common factor of 259072 and 48070?
506
What is the highest common divisor of 115884 and 4553?
29
Calculate the highest common factor of 22785733 and 5372.
79
What is the highest common factor of 32148 and 194541?
57
Calculate the greatest common divisor of 653393 and 1911.
13
Calculate the highest common divisor of 3600 and 2140550.
50
Calculate the highest common factor of 23923102 and 1744.
218
Calculate the greatest common divisor of 642196 and 92.
4
What is the greatest common divisor of 30 and 398847050?
10
What is the greatest common divisor of 3886 and 532248?
134
Calculate the greatest common factor of 27 and 1793148.
3
What is the greatest common factor of 1336943493 and 171?
171
What is the greatest common divisor of 134 and 25758619?
67
Calculate the highest common factor of 2 and 359486.
2
What is the highest common divisor of 4322446 and 7224?
86
Calculate the highest common factor of 3465439 and 355.
71
What is the greatest common divisor of 8381 and 1065373?
493
What is the highest common factor of 6356742 and 493?
493
What is the highest common factor of 11209240 and 19?
19
What is the greatest common factor of 252 and 933716?
28
What is the highest common divisor of 7602268 and 472?
236
Calculate the greatest common divisor of 7390 and 54450.
10
Calculate the highest common factor of 72 and 822155364.
36
Calculate the highest common divisor of 276471104 and 518.
518
Calculate the highest common divisor of 171638115 and 3135.
3135
What is the greatest common factor of 4848 and 28987?
101
What is the greatest common factor of 2023 and 3929533?
289
What is the highest common factor of 2706 and 1895293224?
2706
Calculate the greatest common factor of 2816 and 57772.
44
What is the highest common divisor of 3518370 and 285520?
830
Calculate the highest common divisor of 368448 and 446120.
152
Calculate the greatest common divisor of 181900 and 50759195.
9095
Calculate the greatest common divisor of 72948970 and 20.
10
Calculate the highest common factor of 40679686 and 23.
23
Calculate the highest common factor of 119840 and 62488.
856
Calculate the highest common factor of 4351 and 18691667.
229
Calculate the greatest common divisor of 522440338 and 31731.
10577
What is the highest common divisor of 38955 and 69940920?
5565
What is the highest common factor of 12 and 85708062?
6
What is the highest common factor of 468 and 558259?
13
What is the highest common factor of 1770324526 and 1658?
1658
What is the highest common factor of 452520 and 632?
8
Calculate the highest common factor of 96460 and 2551640.
1820
Calculate the highest common factor of 1351 and 32972313.
193
Calculate the highest common divisor of 560 and 136270.
10
What is the highest common factor of 1330 and 204995?
35
What is the highest common divisor of 33875 and 2115?
5
What is the highest common factor of 75751 and 5473?
13
What is the highest common divisor of 8589 and 1688352?
1227
What is the highest common divisor of 1273 and 442643?
19
What is the greatest common factor of 216264 and 584?
8
Calculate the highest common factor of 674128 and 392.
56
What is the greatest common divisor of 248148 and 484950?
366
Calculate the highest common divisor of 15245469 and 69.
3
Calculate the greatest common factor of 2251633 and 304.
19
Calculate the highest common divisor of 334 and 962087.
167
Calculate the greatest common divisor of 67608325 and 326.
163
What is the greatest common divisor of 75 and 11162175?
75
Calculate the highest common divisor of 800 and 9335050.
50
What is the greatest common divisor of 4572 and 615312?
36
Calculate the highest common factor of 59549256 and 2430.
162
What is the highest common divisor of 20 and 5275910?
10
What is the greatest common divisor of 6003 and 1639164?
69
What is the highest common factor of 114923510 and 2210?
130
Calculate the greatest common divisor of 46 and 2442416.
46
What is the highest common factor of 48443 and 32881?
251
What is the greatest common factor of 31175029 and 5887?
841
What is the highest common divisor of 49616480 and 133560?
2120
What is the highest common divisor of 60233312 and 17?
17
What is the highest common factor of 2395557 and 153?
9
Calculate the highest common factor of 19897900 and 1980.
220
What is the greatest common divisor of 126027917 and 214?
107
Calculate the greatest common divisor of 8107027 and 4120.
103
Calculate the highest common divisor of 215 and 25311434.
43
What is the highest common divisor of 17998359 and 51?
51
Calculate the greatest common divisor of 331919923 and 23.
23
Calculate the greatest common factor of 4540489 and 142523.
397
Calculate the greatest common divisor of 882 and 1608714.
18
Calculate the greatest common factor of 94282 and 1298.
118
Calculate the greatest common divisor of 508886 and 284102.
3122
Calculate the greatest common factor of 6211220 and 60.
20
Calculate the highest common factor of 8309037 and 264.
33
Calculate the highest common factor of 86730 and 417270.
210
What is the highest common divisor of 16 and 274845968?
16
Calculate the greatest common divisor of 40 and 6925920.
40
Calculate the highest common divisor of 313484 and 216256.
436
What is the greatest common divisor of 5232 and 29919192?
2616
What is the greatest common factor of 76 and 12045012?
76
What is the greatest common factor of 88710511 and 328?
41
Calculate the highest common divisor of 121 and 3506899.
11
What is the greatest common factor of 1978 and 27480906?
46
Calculate the highest common divisor of 117852 and 1468880.
1708
What is the greatest common divisor of 5315104 and 815?
163
Calculate the highest common divisor of 55411695 and 3591.
513
What is the greatest common factor of 152600 and 2902234?
218
What is the greatest common factor of 158 and 11166?
2
What is the greatest common divisor of 2 and 31051466?
2
Calculate the highest common factor of 403799053 and 49.
49
What is the highest common factor of 7587 and 190107?
27
What is the greatest common divisor of 211565 and 19635?
85
What is the greatest common divisor of 10631521 and 2?
1
Calculate the highest common divisor of 317 and 162393711.
317
What is the greatest common divisor of 194880469 and 7?
7
What is the greatest common divisor of 3601379 and 5492?
1373
Calculate the highest common divisor of 118881 and 37247.
119
Calculate the highest common factor of 6993 and 52633980.
2331
What is the highest common divisor of 7315 and 5109335?
385
What is the greatest co